{"id":4140,"date":"2021-09-19T21:03:19","date_gmt":"2021-09-19T19:03:19","guid":{"rendered":"https:\/\/cursosanpegalicia.es\/curso\/xornadas-de-ensino-a-aula-dixital-para-a-educacion-do-futuro\/"},"modified":"2021-10-06T12:57:44","modified_gmt":"2021-10-06T10:57:44","slug":"xornadas-de-ensino-a-aula-dixital-para-a-educacion-do-futuro","status":"publish","type":"product","link":"https:\/\/cursosanpegalicia.es\/es\/curso\/xornadas-de-ensino-a-aula-dixital-para-a-educacion-do-futuro\/","title":{"rendered":"Xornadas do Ensino. A aula dixital para a educaci\u00f3n do futuro"},"content":{"rendered":"<p style=\"text-align: center;\"><img loading=\"lazy\" class=\"alignnone wp-image-4043 size-full\" src=\"https:\/\/cursosanpegalicia.es\/wp-content\/uploads\/2021\/09\/AULA_DIXITAL_FONDO-e1632153030470.png\" alt=\"\" width=\"450\" height=\"377\" \/><\/p>\n<p style=\"text-align: center;\"><img loading=\"lazy\" class=\"alignnone wp-image-4092\" src=\"https:\/\/cursosanpegalicia.es\/wp-content\/uploads\/2021\/09\/microsoft-300x127.png\" alt=\"\" width=\"179\" height=\"76\" \/>\u00a0 \u00a0<img loading=\"lazy\" class=\"alignnone wp-image-4107\" src=\"https:\/\/cursosanpegalicia.es\/wp-content\/uploads\/2021\/09\/Logo_FT_Azul_HOR-300x41.png\" alt=\"\" width=\"250\" height=\"34\" \/><\/p>\n<p style=\"text-align: center;\"><img loading=\"lazy\" class=\"alignnone wp-image-4080\" src=\"https:\/\/cursosanpegalicia.es\/wp-content\/uploads\/2021\/09\/ideaspropias-300x61.png\" alt=\"\" width=\"220\" height=\"44\" \/>\u00a0<img loading=\"lazy\" class=\"alignnone wp-image-4081\" src=\"https:\/\/cursosanpegalicia.es\/wp-content\/uploads\/2021\/09\/santillana-300x68.png\" alt=\"\" width=\"225\" height=\"51\" \/><\/p>\n<p style=\"text-align: justify;\"><span style=\"color: #000000;\">Con el nuevo contexto educativo originado por la situaci\u00f3n de pandemia en la que estamos viviendo, la digitalizaci\u00f3n educativa pas\u00f3 a presentarse como una prioridad dentro de la evoluci\u00f3n de la ense\u00f1anza. Del aula tradicional estamos movi\u00e9ndonos hacia aula digital en la que nuevas metodolog\u00edas, procedimientos y materiales se hacen presentes para el uso diario por parte de docentes y alumnado. En estas jornadas de car\u00e1cter exclusivamente virtual, tendremos la oportunidad de conocer y revisar algunos de los elementos que formar\u00e1n parte de nuestro futuro educativo.<\/span><\/p>\n<h3><span style=\"color: #000000;\"><strong>Objetivos<\/strong><\/span><\/h3>\n<ul>\n<li>Apoyar e impulsar al profesorado en la implementaci\u00f3n de tecnolog\u00edas digitales en los procesos de ense\u00f1anza-aprendizaje.<\/li>\n<li>Reflexionar sobre diferentes propuestas metodol\u00f3gicas que pueden servir para la integraci\u00f3n de las tecnolog\u00edas en la ense\u00f1anza.<\/li>\n<li>Mostrar experiencias de buenas pr\u00e1cticas con tecnolog\u00eda digital.<\/li>\n<\/ul>\n<h3><strong><span style=\"color: #000000;\">Contenidos<\/span><\/strong><\/h3>\n<ul>\n<li>La implementaci\u00f3n de las aulas y libros digitales.<\/li>\n<li>Gamificaci\u00f3n en el aula.<\/li>\n<li>Creaci\u00f3n de cursos digitales para un aprendizaje significativo.<\/li>\n<li>Modelos educativos con tecnolog\u00edas m\u00f3viles.<\/li>\n<li>Procesos de adaptaci\u00f3n en los centros educativos.<\/li>\n<li>Actualidad y cuestiones relacionadas con el contexto educativo en Galicia.<\/li>\n<\/ul>\n<h3><strong><span style=\"color: #000000;\">Ponentes<\/span><\/strong><\/h3>\n<ul>\n<li style=\"text-align: justify;\"><strong>Jairo Campo<\/strong>, maestro en el CEIP Virgen del Carme (Burela \u2013 Lugo) y experto en TIC y gamificaci\u00f3n.<\/li>\n<li style=\"text-align: justify;\"><strong>Mar\u00eda Com\u00edn<\/strong>, responsable de educaci\u00f3n p\u00fablica en Microsoft.<\/li>\n<li style=\"text-align: justify;\"><strong>Eva Freixeiro<\/strong>, dise\u00f1adora instruccional en Ideaspropias Editorial.<\/li>\n<li style=\"text-align: justify;\"><strong>Andr\u00e9s Fuentes<\/strong>, formador en competencias digitales del profesorado. Google trainer y Microsoft Innovator Educator.<\/li>\n<li style=\"text-align: justify;\"><strong>Adrian Gonz\u00e1lez<\/strong>, dise\u00f1ador gr\u00e1fico en Ideaspropias Editorial.<\/li>\n<li style=\"text-align: justify;\"><strong>Luis Miguel Olivas<\/strong>, Director global de los programas de Empleabilidad e Innovaci\u00f3n Educativa en la Fundaci\u00f3n Telef\u00f3nica.<\/li>\n<li style=\"text-align: justify;\"><strong>Julio C\u00e9sar Trashorras<\/strong>, videpresidente de ANPE Galicia.<\/li>\n<li style=\"text-align: justify;\"><strong>Jos\u00e9 Francisco Venzal\u00e1<\/strong>, vicepresidente de ANPE Nacional y miembro del Consejo Escolar del Estado.<\/li>\n<\/ul>\n<h3><strong>C\u00f3mo preinscribirse<\/strong><\/h3>\n<ol>\n<li>En el apartado TURNOS, seleccione la fecha de esta actividad.<\/li>\n<li>Pulse en A\u00d1ADIR Al CARRITO.<\/li>\n<li>Pulse en el icono de la esquina superior derecha y luego en FINALIZAR PREINSCRIPCI\u00d3N.<\/li>\n<li>Si ya se inscribi\u00f3 anteriormente en alguna de nuestras actividades acceda con su NOMBRE DE USUARIO (NIF) y CONTRASE\u00d1A. Si es la primera vez que se inscribe nos nuestros cursos complete los datos para REGISTRARSE* y siga las instrucciones que le salgan en la pantalla. <span style=\"color: #0000ff;\"><strong>IMPORTANTE<\/strong><\/span>: Despu\u00e9s de finalizar su registro, <strong>tendr\u00e1 que activar todo el proceso desde un mensaje que le llegar\u00e1 a su correo electr\u00f3nico<\/strong>.<\/li>\n<li>Una vez que haya accedido o inscrito, sega las instrucciones que aparecen en pantalla para enviar su inscripci\u00f3n. Recuerde que todas las inscripciones deber\u00e1n ser validadas posteriormente seg\u00fan los criterios de acceso marcadas para asistir la esta actividad de formaci\u00f3n.<\/li>\n<\/ol>\n<p>*Los <strong>usuarios no registrados<\/strong> deben aportar documentaci\u00f3n espec\u00edfica durante lo proceso de registro (una copia de su NIF y un documento que muestre su situaci\u00f3n laboral o acad\u00e9mica).<\/p>\n<p><strong>Una vez enviada la preinscripci\u00f3n, nos pondremos en contacto con usted para formalizar su matr\u00edcula y realizar el pago correspondiente.<\/strong><\/p>\n","protected":false},"excerpt":{"rendered":"<p>Jornadas virtuales para el conocimiento y an\u00e1lisis de contenidos, estrategias y procedimientos para la educaci\u00f3n digital en nuestras aulas.<\/p>\n","protected":false},"featured_media":0,"template":"","meta":[],"_links":{"self":[{"href":"https:\/\/cursosanpegalicia.es\/es\/wp-json\/wp\/v2\/product\/4140"}],"collection":[{"href":"https:\/\/cursosanpegalicia.es\/es\/wp-json\/wp\/v2\/product"}],"about":[{"href":"https:\/\/cursosanpegalicia.es\/es\/wp-json\/wp\/v2\/types\/product"}],"wp:attachment":[{"href":"https:\/\/cursosanpegalicia.es\/es\/wp-json\/wp\/v2\/media?parent=4140"}],"curies":[{"name":"wp","href":"https:\/\/api.w.org\/{rel}","templated":true}]}}

Xornadas do Ensino. A aula dixital para a educación do futuro

<p style="text-align: center;"><img loading="lazy" class="alignnone wp-image-4043 size-full" src="https://cursosanpegalicia.es/wp-content/uploads/2021/09/AULA_DIXITAL_FONDO-e1632153030470.png" alt="" width="450" height="377" /></p>
<p style="text-align: center;"><img loading="lazy" class="alignnone wp-image-4092" src="https://cursosanpegalicia.es/wp-content/uploads/2021/09/microsoft-300x127.png" alt="" width="179" height="76" />   <img loading="lazy" class="alignnone wp-image-4107" src="https://cursosanpegalicia.es/wp-content/uploads/2021/09/Logo_FT_Azul_HOR-300x41.png" alt="" width="250" height="34" /></p>
<p style="text-align: center;"><img loading="lazy" class="alignnone wp-image-4080" src="https://cursosanpegalicia.es/wp-content/uploads/2021/09/ideaspropias-300x61.png" alt="" width="220" height="44" /> <img loading="lazy" class="alignnone wp-image-4081" src="https://cursosanpegalicia.es/wp-content/uploads/2021/09/santillana-300x68.png" alt="" width="225" height="51" /></p>
<p style="text-align: justify;"><span style="color: #000000;">Con el nuevo contexto educativo originado por la situación de pandemia en la que estamos viviendo, la digitalización educativa pasó a presentarse como una prioridad dentro de la evolución de la enseñanza. Del aula tradicional estamos moviéndonos hacia aula digital en la que nuevas metodologías, procedimientos y materiales se hacen presentes para el uso diario por parte de docentes y alumnado. En estas jornadas de carácter exclusivamente virtual, tendremos la oportunidad de conocer y revisar algunos de los elementos que formarán parte de nuestro futuro educativo.</span></p>
<h3><span style="color: #000000;"><strong>Objetivos</strong></span></h3>
<ul>
<li>Apoyar e impulsar al profesorado en la implementación de tecnologías digitales en los procesos de enseñanza-aprendizaje.</li>
<li>Reflexionar sobre diferentes propuestas metodológicas que pueden servir para la integración de las tecnologías en la enseñanza.</li>
<li>Mostrar experiencias de buenas prácticas con tecnología digital.</li>
</ul>
<h3><strong><span style="color: #000000;">Contenidos</span></strong></h3>
<ul>
<li>La implementación de las aulas y libros digitales.</li>
<li>Gamificación en el aula.</li>
<li>Creación de cursos digitales para un aprendizaje significativo.</li>
<li>Modelos educativos con tecnologías móviles.</li>
<li>Procesos de adaptación en los centros educativos.</li>
<li>Actualidad y cuestiones relacionadas con el contexto educativo en Galicia.</li>
</ul>
<h3><strong><span style="color: #000000;">Ponentes</span></strong></h3>
<ul>
<li style="text-align: justify;"><strong>Jairo Campo</strong>, maestro en el CEIP Virgen del Carme (Burela – Lugo) y experto en TIC y gamificación.</li>
<li style="text-align: justify;"><strong>María Comín</strong>, responsable de educación pública en Microsoft.</li>
<li style="text-align: justify;"><strong>Eva Freixeiro</strong>, diseñadora instruccional en Ideaspropias Editorial.</li>
<li style="text-align: justify;"><strong>Andrés Fuentes</strong>, formador en competencias digitales del profesorado. Google trainer y Microsoft Innovator Educator.</li>
<li style="text-align: justify;"><strong>Adrian González</strong>, diseñador gráfico en Ideaspropias Editorial.</li>
<li style="text-align: justify;"><strong>Luis Miguel Olivas</strong>, Director global de los programas de Empleabilidad e Innovación Educativa en la Fundación Telefónica.</li>
<li style="text-align: justify;"><strong>Julio César Trashorras</strong>, videpresidente de ANPE Galicia.</li>
<li style="text-align: justify;"><strong>José Francisco Venzalá</strong>, vicepresidente de ANPE Nacional y miembro del Consejo Escolar del Estado.</li>
</ul>
<h3><strong>Cómo preinscribirse</strong></h3>
<ol>
<li>En el apartado TURNOS, seleccione la fecha de esta actividad.</li>
<li>Pulse en AÑADIR Al CARRITO.</li>
<li>Pulse en el icono de la esquina superior derecha y luego en FINALIZAR PREINSCRIPCIÓN.</li>
<li>Si ya se inscribió anteriormente en alguna de nuestras actividades acceda con su NOMBRE DE USUARIO (NIF) y CONTRASEÑA. Si es la primera vez que se inscribe nos nuestros cursos complete los datos para REGISTRARSE* y siga las instrucciones que le salgan en la pantalla. <span style="color: #0000ff;"><strong>IMPORTANTE</strong></span>: Después de finalizar su registro, <strong>tendrá que activar todo el proceso desde un mensaje que le llegará a su correo electrónico</strong>.</li>
<li>Una vez que haya accedido o inscrito, sega las instrucciones que aparecen en pantalla para enviar su inscripción. Recuerde que todas las inscripciones deberán ser validadas posteriormente según los criterios de acceso marcadas para asistir la esta actividad de formación.</li>
</ol>
<p>*Los <strong>usuarios no registrados</strong> deben aportar documentación específica durante lo proceso de registro (una copia de su NIF y un documento que muestre su situación laboral o académica).</p>
<p><strong>Una vez enviada la preinscripción, nos pondremos en contacto con usted para formalizar su matrícula y realizar el pago correspondiente.</strong></p>

<p>Jornadas virtuales para el conocimiento y análisis de contenidos, estrategias y procedimientos para la educación digital en nuestras aulas.</p>
